{"id":462,"date":"2015-11-17T13:04:15","date_gmt":"2015-11-17T12:04:15","guid":{"rendered":"http:\/\/demo.massivedynamic.co\/interior-design\/?page_id=177"},"modified":"2026-02-06T09:36:34","modified_gmt":"2026-02-06T08:36:34","slug":"contact","status":"publish","type":"page","link":"https:\/\/comlmkidsandfamily.fr\/index.php\/contact\/","title":{"rendered":"Contact"},"content":{"rendered":"\t\t<div data-elementor-type=\"wp-page\" data-elementor-id=\"462\" class=\"elementor elementor-462\">\n\t\t\t\t\t\t<section class=\"elementor-section elementor-top-section elementor-element elementor-element-a0f5a13 elementor-section-boxed elementor-section-height-default elementor-section-height-default\" data-id=\"a0f5a13\" data-element_type=\"section\" data-e-type=\"section\" data-settings=\"{&quot;background_background&quot;:&quot;classic&quot;,&quot;shape_divider_bottom&quot;:&quot;mountains&quot;}\">\n\t\t\t\t\t<div class=\"elementor-shape elementor-shape-bottom\" aria-hidden=\"true\" data-negative=\"false\">\n\t\t\t<svg xmlns=\"http:\/\/www.w3.org\/2000\/svg\" viewBox=\"0 0 1000 100\" preserveAspectRatio=\"none\">\n\t<path class=\"elementor-shape-fill\" opacity=\"0.33\" d=\"M473,67.3c-203.9,88.3-263.1-34-320.3,0C66,119.1,0,59.7,0,59.7V0h1000v59.7 c0,0-62.1,26.1-94.9,29.3c-32.8,3.3-62.8-12.3-75.8-22.1C806,49.6,745.3,8.7,694.9,4.7S492.4,59,473,67.3z\"\/>\n\t<path class=\"elementor-shape-fill\" opacity=\"0.66\" d=\"M734,67.3c-45.5,0-77.2-23.2-129.1-39.1c-28.6-8.7-150.3-10.1-254,39.1 s-91.7-34.4-149.2,0C115.7,118.3,0,39.8,0,39.8V0h1000v36.5c0,0-28.2-18.5-92.1-18.5C810.2,18.1,775.7,67.3,734,67.3z\"\/>\n\t<path class=\"elementor-shape-fill\" d=\"M766.1,28.9c-200-57.5-266,65.5-395.1,19.5C242,1.8,242,5.4,184.8,20.6C128,35.8,132.3,44.9,89.9,52.5C28.6,63.7,0,0,0,0 h1000c0,0-9.9,40.9-83.6,48.1S829.6,47,766.1,28.9z\"\/>\n<\/svg>\t\t<\/div>\n\t\t\t\t\t<div class=\"elementor-container elementor-column-gap-default\">\n\t\t\t\t\t<div class=\"elementor-column elementor-col-100 elementor-top-column elementor-element elementor-element-629be92\" data-id=\"629be92\" data-element_type=\"column\" data-e-type=\"column\">\n\t\t\t<div class=\"elementor-widget-wrap elementor-element-populated\">\n\t\t\t\t\t\t<div class=\"elementor-element elementor-element-d320082 elementor-widget elementor-widget-heading\" data-id=\"d320082\" data-element_type=\"widget\" data-e-type=\"widget\" data-widget_type=\"heading.default\">\n\t\t\t\t<div class=\"elementor-widget-container\">\n\t\t\t\t\t<h2 class=\"elementor-heading-title elementor-size-default\">Rencontrons-nous !<\/h2>\t\t\t\t<\/div>\n\t\t\t\t<\/div>\n\t\t\t\t<div class=\"elementor-element elementor-element-33c0b68 elementor-widget elementor-widget-spacer\" data-id=\"33c0b68\" data-element_type=\"widget\" data-e-type=\"widget\" data-widget_type=\"spacer.default\">\n\t\t\t\t<div class=\"elementor-widget-container\">\n\t\t\t\t\t\t\t<div class=\"elementor-spacer\">\n\t\t\t<div class=\"elementor-spacer-inner\"><\/div>\n\t\t<\/div>\n\t\t\t\t\t\t<\/div>\n\t\t\t\t<\/div>\n\t\t\t\t<section class=\"elementor-section elementor-inner-section elementor-element elementor-element-b66db09 elementor-section-boxed elementor-section-height-default elementor-section-height-default\" data-id=\"b66db09\" data-element_type=\"section\" data-e-type=\"section\">\n\t\t\t\t\t\t<div class=\"elementor-container elementor-column-gap-narrow\">\n\t\t\t\t\t<div class=\"elementor-column elementor-col-50 elementor-inner-column elementor-element elementor-element-51dc97b\" data-id=\"51dc97b\" data-element_type=\"column\" data-e-type=\"column\">\n\t\t\t<div class=\"elementor-widget-wrap elementor-element-populated\">\n\t\t\t\t\t\t<div class=\"elementor-element elementor-element-f62ea3d elementor-widget elementor-widget-spacer\" data-id=\"f62ea3d\" data-element_type=\"widget\" data-e-type=\"widget\" data-widget_type=\"spacer.default\">\n\t\t\t\t<div class=\"elementor-widget-container\">\n\t\t\t\t\t\t\t<div class=\"elementor-spacer\">\n\t\t\t<div class=\"elementor-spacer-inner\"><\/div>\n\t\t<\/div>\n\t\t\t\t\t\t<\/div>\n\t\t\t\t<\/div>\n\t\t\t\t<div class=\"elementor-element elementor-element-c9d9025 elementor-position-top elementor-widget elementor-widget-image-box\" data-id=\"c9d9025\" data-element_type=\"widget\" data-e-type=\"widget\" data-widget_type=\"image-box.default\">\n\t\t\t\t<div class=\"elementor-widget-container\">\n\t\t\t\t\t<div class=\"elementor-image-box-wrapper\"><figure class=\"elementor-image-box-img\"><img fetchpriority=\"high\" decoding=\"async\" width=\"383\" height=\"511\" src=\"https:\/\/comlmkidsandfamily.fr\/wp-content\/uploads\/2017\/02\/lorenzo.jpg\" class=\"elementor-animation-shrink attachment-full size-full wp-image-885\" alt=\"\" srcset=\"https:\/\/comlmkidsandfamily.fr\/wp-content\/uploads\/2017\/02\/lorenzo.jpg 383w, https:\/\/comlmkidsandfamily.fr\/wp-content\/uploads\/2017\/02\/lorenzo-225x300.jpg 225w\" sizes=\"(max-width: 383px) 100vw, 383px\" \/><\/figure><div class=\"elementor-image-box-content\"><p class=\"elementor-image-box-description\">Mari\u00e9, deux enfants, ma passion c'est de faire vivre des exp\u00e9rience et de cr\u00e9er du lien entre les familles et les enfants.\n\n\"On est r\u00e9compens\u00e9 par un sourire !\"\n\nAntoine de Saint Exup\u00e9ry<\/p><\/div><\/div>\t\t\t\t<\/div>\n\t\t\t\t<\/div>\n\t\t\t\t<div class=\"elementor-element elementor-element-2157197 elementor-widget elementor-widget-heading\" data-id=\"2157197\" data-element_type=\"widget\" data-e-type=\"widget\" data-widget_type=\"heading.default\">\n\t\t\t\t<div class=\"elementor-widget-container\">\n\t\t\t\t\t<h6 class=\"elementor-heading-title elementor-size-default\">Laurent<\/h6>\t\t\t\t<\/div>\n\t\t\t\t<\/div>\n\t\t\t\t<div class=\"elementor-element elementor-element-e279c21 elementor-widget elementor-widget-heading\" data-id=\"e279c21\" data-element_type=\"widget\" data-e-type=\"widget\" data-widget_type=\"heading.default\">\n\t\t\t\t<div class=\"elementor-widget-container\">\n\t\t\t\t\t<p class=\"elementor-heading-title elementor-size-default\">Fondateur<\/p>\t\t\t\t<\/div>\n\t\t\t\t<\/div>\n\t\t\t\t<div class=\"elementor-element elementor-element-3ddbdd2 elementor-widget elementor-widget-spacer\" data-id=\"3ddbdd2\" data-element_type=\"widget\" data-e-type=\"widget\" data-widget_type=\"spacer.default\">\n\t\t\t\t<div class=\"elementor-widget-container\">\n\t\t\t\t\t\t\t<div class=\"elementor-spacer\">\n\t\t\t<div class=\"elementor-spacer-inner\"><\/div>\n\t\t<\/div>\n\t\t\t\t\t\t<\/div>\n\t\t\t\t<\/div>\n\t\t\t\t\t<\/div>\n\t\t<\/div>\n\t\t\t\t<div class=\"elementor-column elementor-col-50 elementor-inner-column elementor-element elementor-element-7953dd7\" data-id=\"7953dd7\" data-element_type=\"column\" data-e-type=\"column\">\n\t\t\t<div class=\"elementor-widget-wrap elementor-element-populated\">\n\t\t\t\t\t\t<div class=\"elementor-element elementor-element-eb7b209 elementor-widget elementor-widget-spacer\" data-id=\"eb7b209\" data-element_type=\"widget\" data-e-type=\"widget\" data-widget_type=\"spacer.default\">\n\t\t\t\t<div class=\"elementor-widget-container\">\n\t\t\t\t\t\t\t<div class=\"elementor-spacer\">\n\t\t\t<div class=\"elementor-spacer-inner\"><\/div>\n\t\t<\/div>\n\t\t\t\t\t\t<\/div>\n\t\t\t\t<\/div>\n\t\t\t\t<div class=\"elementor-element elementor-element-1016991 elementor-position-top elementor-widget elementor-widget-image-box\" data-id=\"1016991\" data-element_type=\"widget\" data-e-type=\"widget\" data-widget_type=\"image-box.default\">\n\t\t\t\t<div class=\"elementor-widget-container\">\n\t\t\t\t\t<div class=\"elementor-image-box-wrapper\"><figure class=\"elementor-image-box-img\"><img decoding=\"async\" width=\"319\" height=\"458\" src=\"https:\/\/comlmkidsandfamily.fr\/wp-content\/uploads\/2017\/02\/b98da8_0daca22c555946768cd52d2d555c4706.jpg\" class=\"elementor-animation-shrink attachment-full size-full wp-image-884\" alt=\"\" srcset=\"https:\/\/comlmkidsandfamily.fr\/wp-content\/uploads\/2017\/02\/b98da8_0daca22c555946768cd52d2d555c4706.jpg 319w, https:\/\/comlmkidsandfamily.fr\/wp-content\/uploads\/2017\/02\/b98da8_0daca22c555946768cd52d2d555c4706-209x300.jpg 209w\" sizes=\"(max-width: 319px) 100vw, 319px\" \/><\/figure><div class=\"elementor-image-box-content\"><p class=\"elementor-image-box-description\">Epouse et maman de deux merveilleux enfants. Mon Leitmotiv, apporter de la joie et du bonheur aux enfants et aux familles, en recr\u00e9ant du lien et en repositionnant les valeurs d'amour, de partage, de respect, de joie, de plaisir...\n<\/p><\/div><\/div>\t\t\t\t<\/div>\n\t\t\t\t<\/div>\n\t\t\t\t<div class=\"elementor-element elementor-element-3ddf7ea elementor-widget elementor-widget-heading\" data-id=\"3ddf7ea\" data-element_type=\"widget\" data-e-type=\"widget\" data-widget_type=\"heading.default\">\n\t\t\t\t<div class=\"elementor-widget-container\">\n\t\t\t\t\t<h6 class=\"elementor-heading-title elementor-size-default\">S\u00e9verine<\/h6>\t\t\t\t<\/div>\n\t\t\t\t<\/div>\n\t\t\t\t<div class=\"elementor-element elementor-element-3de98e2 elementor-widget elementor-widget-heading\" data-id=\"3de98e2\" data-element_type=\"widget\" data-e-type=\"widget\" data-widget_type=\"heading.default\">\n\t\t\t\t<div class=\"elementor-widget-container\">\n\t\t\t\t\t<p class=\"elementor-heading-title elementor-size-default\">Chef de projet<\/p>\t\t\t\t<\/div>\n\t\t\t\t<\/div>\n\t\t\t\t\t<\/div>\n\t\t<\/div>\n\t\t\t\t\t<\/div>\n\t\t<\/section>\n\t\t\t\t<div class=\"elementor-element elementor-element-6965fe0 elementor-widget elementor-widget-spacer\" data-id=\"6965fe0\" data-element_type=\"widget\" data-e-type=\"widget\" data-widget_type=\"spacer.default\">\n\t\t\t\t<div class=\"elementor-widget-container\">\n\t\t\t\t\t\t\t<div class=\"elementor-spacer\">\n\t\t\t<div class=\"elementor-spacer-inner\"><\/div>\n\t\t<\/div>\n\t\t\t\t\t\t<\/div>\n\t\t\t\t<\/div>\n\t\t\t\t<div class=\"elementor-element elementor-element-4335ae0 eael-contact-form-7-button-full-width elementor-widget elementor-widget-eael-contact-form-7\" data-id=\"4335ae0\" data-element_type=\"widget\" data-e-type=\"widget\" data-widget_type=\"eael-contact-form-7.default\">\n\t\t\t\t<div class=\"elementor-widget-container\">\n\t\t\t\t\t<div class=\"eael-contact-form-7-wrapper\">\n                <div class=\"eael-contact-form eael-contact-form-7 eael-contact-form-4335ae0 eael-contact-form-align-center\"><div class=\"eael-contact-form-7-heading\"><h3 class=\"eael-contact-form-title eael-contact-form-7-title\">\n                                    Contactez-nous\n                                <\/h3><\/div>\n<div class=\"wpcf7 no-js\" id=\"wpcf7-f1668-o1\" lang=\"fr-FR\" dir=\"ltr\" data-wpcf7-id=\"1668\">\n<div class=\"screen-reader-response\"><p role=\"status\" aria-live=\"polite\" aria-atomic=\"true\"><\/p> <ul><\/ul><\/div>\n<form action=\"\/index.php\/wp-json\/wp\/v2\/pages\/462#wpcf7-f1668-o1\" method=\"post\" class=\"wpcf7-form init\" aria-label=\"Formulaire de contact\" novalidate=\"novalidate\" data-status=\"init\">\n<fieldset class=\"hidden-fields-container\"><input type=\"hidden\" name=\"_wpcf7\" value=\"1668\" \/><input type=\"hidden\" name=\"_wpcf7_version\" value=\"6.1.5\" \/><input type=\"hidden\" name=\"_wpcf7_locale\" value=\"fr_FR\" \/><input type=\"hidden\" name=\"_wpcf7_unit_tag\" value=\"wpcf7-f1668-o1\" \/><input type=\"hidden\" name=\"_wpcf7_container_post\" value=\"0\" \/><input type=\"hidden\" name=\"_wpcf7_posted_data_hash\" value=\"\" \/><input type=\"hidden\" name=\"_wpcf7_recaptcha_response\" value=\"\" \/>\n<\/fieldset>\n<p><label> Votre nom (obligatoire)<br \/>\n<span class=\"wpcf7-form-control-wrap\" data-name=\"your-name\"><input size=\"40\" maxlength=\"400\" class=\"wpcf7-form-control wpcf7-text wpcf7-validates-as-required\" aria-required=\"true\" aria-invalid=\"false\" value=\"\" type=\"text\" name=\"your-name\" \/><\/span> <\/label>\n<\/p>\n<p><label> Votre adresse de messagerie (obligatoire)<br \/>\n<span class=\"wpcf7-form-control-wrap\" data-name=\"your-email\"><input size=\"40\" maxlength=\"400\" class=\"wpcf7-form-control wpcf7-email wpcf7-validates-as-required wpcf7-text wpcf7-validates-as-email\" aria-required=\"true\" aria-invalid=\"false\" value=\"\" type=\"email\" name=\"your-email\" \/><\/span> <\/label>\n<\/p>\n<p><label> Objet<br \/>\n<span class=\"wpcf7-form-control-wrap\" data-name=\"your-subject\"><input size=\"40\" maxlength=\"400\" class=\"wpcf7-form-control wpcf7-text\" aria-invalid=\"false\" value=\"\" type=\"text\" name=\"your-subject\" \/><\/span> <\/label>\n<\/p>\n<p><label> Votre message<br \/>\n<span class=\"wpcf7-form-control-wrap\" data-name=\"your-message\"><textarea cols=\"40\" rows=\"10\" maxlength=\"2000\" class=\"wpcf7-form-control wpcf7-textarea\" aria-invalid=\"false\" name=\"your-message\"><\/textarea><\/span> <\/label>\n<\/p>\n<p><input class=\"wpcf7-form-control wpcf7-submit has-spinner\" type=\"submit\" value=\"Envoyer\" \/>\n<\/p><p style=\"display: none !important;\" class=\"akismet-fields-container\" data-prefix=\"_wpcf7_ak_\"><label>&#916;<textarea name=\"_wpcf7_ak_hp_textarea\" cols=\"45\" rows=\"8\" maxlength=\"100\"><\/textarea><\/label><input type=\"hidden\" id=\"ak_js_1\" name=\"_wpcf7_ak_js\" value=\"227\"\/><script>\ndocument.getElementById( \"ak_js_1\" ).setAttribute( \"value\", ( new Date() ).getTime() );\n<\/script>\n<\/p><div class=\"wpcf7-response-output\" aria-hidden=\"true\"><\/div>\n<\/form>\n<\/div>\n<\/div>\n            <\/div>\t\t\t\t<\/div>\n\t\t\t\t<\/div>\n\t\t\t\t<div class=\"elementor-element elementor-element-0d8d96c elementor-shape-rounded elementor-grid-0 e-grid-align-center elementor-widget elementor-widget-social-icons\" data-id=\"0d8d96c\" data-element_type=\"widget\" data-e-type=\"widget\" data-widget_type=\"social-icons.default\">\n\t\t\t\t<div class=\"elementor-widget-container\">\n\t\t\t\t\t\t\t<div class=\"elementor-social-icons-wrapper elementor-grid\" role=\"list\">\n\t\t\t\t\t\t\t<span class=\"elementor-grid-item\" role=\"listitem\">\n\t\t\t\t\t<a class=\"elementor-icon elementor-social-icon elementor-social-icon-linkedin elementor-repeater-item-a0a6077\" href=\"https:\/\/www.linkedin.com\/company\/com-lm-kids-and-family\/?viewAsMember=true\" target=\"_blank\">\n\t\t\t\t\t\t<span class=\"elementor-screen-only\">Linkedin<\/span>\n\t\t\t\t\t\t<i aria-hidden=\"true\" class=\"fab fa-linkedin\"><\/i>\t\t\t\t\t<\/a>\n\t\t\t\t<\/span>\n\t\t\t\t\t\t\t<span class=\"elementor-grid-item\" role=\"listitem\">\n\t\t\t\t\t<a class=\"elementor-icon elementor-social-icon elementor-social-icon-link elementor-repeater-item-65304c2\" href=\"https:\/\/www.linkedin.com\/in\/laurent-moreno-5339a2a7\/\" target=\"_blank\">\n\t\t\t\t\t\t<span class=\"elementor-screen-only\">Link<\/span>\n\t\t\t\t\t\t<i aria-hidden=\"true\" class=\"fas fa-link\"><\/i>\t\t\t\t\t<\/a>\n\t\t\t\t<\/span>\n\t\t\t\t\t<\/div>\n\t\t\t\t\t\t<\/div>\n\t\t\t\t<\/div>\n\t\t\t\t\t<\/div>\n\t\t<\/div>\n\t\t\t\t\t<\/div>\n\t\t<\/section>\n\t\t\t\t<section class=\"elementor-section elementor-top-section elementor-element elementor-element-7473b48 elementor-section-boxed elementor-section-height-default elementor-section-height-default\" data-id=\"7473b48\" data-element_type=\"section\" data-e-type=\"section\" data-settings=\"{&quot;background_background&quot;:&quot;classic&quot;}\">\n\t\t\t\t\t\t<div class=\"elementor-container elementor-column-gap-default\">\n\t\t\t\t\t<div class=\"elementor-column elementor-col-100 elementor-top-column elementor-element elementor-element-999136c\" data-id=\"999136c\" data-element_type=\"column\" data-e-type=\"column\">\n\t\t\t<div class=\"elementor-widget-wrap elementor-element-populated\">\n\t\t\t\t\t\t<div class=\"elementor-element elementor-element-39344fa elementor-widget elementor-widget-icon-box\" data-id=\"39344fa\" data-element_type=\"widget\" data-e-type=\"widget\" data-widget_type=\"icon-box.default\">\n\t\t\t\t<div class=\"elementor-widget-container\">\n\t\t\t\t\t\t\t<div class=\"elementor-icon-box-wrapper\">\n\n\t\t\t\n\t\t\t\t\t\t<div class=\"elementor-icon-box-content\">\n\n\t\t\t\t\n\t\t\t\t\t\t\t\t\t<p class=\"elementor-icon-box-description\">\n\t\t\t\t\t\t<strong>COM LM KIDS AND FAMILY SAS<\/strong><br>\nSIRET : 82834322800015<br>\n06 530 Peymeinade<br>\ncontact@comlmkidsandfamily.fr\t\t\t\t\t<\/p>\n\t\t\t\t\n\t\t\t<\/div>\n\t\t\t\n\t\t<\/div>\n\t\t\t\t\t\t<\/div>\n\t\t\t\t<\/div>\n\t\t\t\t<div class=\"elementor-element elementor-element-56633f4 elementor-widget elementor-widget-spacer\" data-id=\"56633f4\" data-element_type=\"widget\" data-e-type=\"widget\" data-widget_type=\"spacer.default\">\n\t\t\t\t<div class=\"elementor-widget-container\">\n\t\t\t\t\t\t\t<div class=\"elementor-spacer\">\n\t\t\t<div class=\"elementor-spacer-inner\"><\/div>\n\t\t<\/div>\n\t\t\t\t\t\t<\/div>\n\t\t\t\t<\/div>\n\t\t\t\t\t<\/div>\n\t\t<\/div>\n\t\t\t\t\t<\/div>\n\t\t<\/section>\n\t\t\t\t<\/div>\n\t\t","protected":false},"excerpt":{"rendered":"<p>Rencontrons-nous ! Mari\u00e9, deux enfants, ma passion c&rsquo;est de faire vivre des exp\u00e9rience et de cr\u00e9er du lien entre les familles et les enfants. \u00ab\u00a0On est r\u00e9compens\u00e9 par un sourire !\u00a0\u00bb Antoine de Saint Exup\u00e9ry Laurent Fondateur Epouse et maman de deux merveilleux enfants. Mon Leitmotiv, apporter de la joie et du bonheur aux enfants [&hellip;]<\/p>\n","protected":false},"author":1,"featured_media":0,"parent":0,"menu_order":0,"comment_status":"closed","ping_status":"closed","template":"","meta":{"content-type":"","footnotes":""},"class_list":["post-462","page","type-page","status-publish","hentry"],"yoast_head":"<!-- This site is optimized with the Yoast SEO plugin v27.6 - https:\/\/yoast.com\/product\/yoast-seo-wordpress\/ -->\n<title>Contact -<\/title>\n<meta name=\"description\" content=\"Remplissez le formulaire en ligne et nous vous r\u00e9pondrons dans les plus bref d\u00e9lais. Nous avons h\u00e2te de partager notre exp\u00e9rience.\" \/>\n<meta name=\"robots\" content=\"index, follow, max-snippet:-1, max-image-preview:large, max-video-preview:-1\" \/>\n<link rel=\"canonical\" href=\"https:\/\/comlmkidsandfamily.fr\/index.php\/contact\/\" \/>\n<meta property=\"og:locale\" content=\"fr_FR\" \/>\n<meta property=\"og:type\" content=\"article\" \/>\n<meta property=\"og:title\" content=\"Contact -\" \/>\n<meta property=\"og:description\" content=\"Remplissez le formulaire en ligne et nous vous r\u00e9pondrons dans les plus bref d\u00e9lais. Nous avons h\u00e2te de partager notre exp\u00e9rience.\" \/>\n<meta property=\"og:url\" content=\"https:\/\/comlmkidsandfamily.fr\/index.php\/contact\/\" \/>\n<meta property=\"article:modified_time\" content=\"2026-02-06T08:36:34+00:00\" \/>\n<meta property=\"og:image\" content=\"https:\/\/comlmkidsandfamily.fr\/wp-content\/uploads\/2017\/02\/lorenzo.jpg\" \/>\n\t<meta property=\"og:image:width\" content=\"383\" \/>\n\t<meta property=\"og:image:height\" content=\"511\" \/>\n\t<meta property=\"og:image:type\" content=\"image\/jpeg\" \/>\n<meta name=\"twitter:card\" content=\"summary_large_image\" \/>\n<meta name=\"twitter:label1\" content=\"Dur\u00e9e de lecture estim\u00e9e\" \/>\n\t<meta name=\"twitter:data1\" content=\"1 minute\" \/>\n<script type=\"application\/ld+json\" class=\"yoast-schema-graph\">{\"@context\":\"https:\\\/\\\/schema.org\",\"@graph\":[{\"@type\":\"WebPage\",\"@id\":\"https:\\\/\\\/comlmkidsandfamily.fr\\\/index.php\\\/contact\\\/\",\"url\":\"https:\\\/\\\/comlmkidsandfamily.fr\\\/index.php\\\/contact\\\/\",\"name\":\"Contact -\",\"isPartOf\":{\"@id\":\"https:\\\/\\\/comlmkidsandfamily.fr\\\/#website\"},\"primaryImageOfPage\":{\"@id\":\"https:\\\/\\\/comlmkidsandfamily.fr\\\/index.php\\\/contact\\\/#primaryimage\"},\"image\":{\"@id\":\"https:\\\/\\\/comlmkidsandfamily.fr\\\/index.php\\\/contact\\\/#primaryimage\"},\"thumbnailUrl\":\"https:\\\/\\\/comlmkidsandfamily.fr\\\/wp-content\\\/uploads\\\/2017\\\/02\\\/lorenzo.jpg\",\"datePublished\":\"2015-11-17T12:04:15+00:00\",\"dateModified\":\"2026-02-06T08:36:34+00:00\",\"description\":\"Remplissez le formulaire en ligne et nous vous r\u00e9pondrons dans les plus bref d\u00e9lais. Nous avons h\u00e2te de partager notre exp\u00e9rience.\",\"breadcrumb\":{\"@id\":\"https:\\\/\\\/comlmkidsandfamily.fr\\\/index.php\\\/contact\\\/#breadcrumb\"},\"inLanguage\":\"fr-FR\",\"potentialAction\":[{\"@type\":\"ReadAction\",\"target\":[\"https:\\\/\\\/comlmkidsandfamily.fr\\\/index.php\\\/contact\\\/\"]}]},{\"@type\":\"ImageObject\",\"inLanguage\":\"fr-FR\",\"@id\":\"https:\\\/\\\/comlmkidsandfamily.fr\\\/index.php\\\/contact\\\/#primaryimage\",\"url\":\"https:\\\/\\\/comlmkidsandfamily.fr\\\/wp-content\\\/uploads\\\/2017\\\/02\\\/lorenzo.jpg\",\"contentUrl\":\"https:\\\/\\\/comlmkidsandfamily.fr\\\/wp-content\\\/uploads\\\/2017\\\/02\\\/lorenzo.jpg\",\"width\":383,\"height\":511},{\"@type\":\"BreadcrumbList\",\"@id\":\"https:\\\/\\\/comlmkidsandfamily.fr\\\/index.php\\\/contact\\\/#breadcrumb\",\"itemListElement\":[{\"@type\":\"ListItem\",\"position\":1,\"name\":\"Accueil\",\"item\":\"https:\\\/\\\/comlmkidsandfamily.fr\\\/\"},{\"@type\":\"ListItem\",\"position\":2,\"name\":\"Contact\"}]},{\"@type\":\"WebSite\",\"@id\":\"https:\\\/\\\/comlmkidsandfamily.fr\\\/#website\",\"url\":\"https:\\\/\\\/comlmkidsandfamily.fr\\\/\",\"name\":\"COM LM KIDS AND FAMILY\",\"description\":\"Cr\u00e9ateur d&#039;exp\u00e9rience &amp; de lien\",\"publisher\":{\"@id\":\"https:\\\/\\\/comlmkidsandfamily.fr\\\/#organization\"},\"potentialAction\":[{\"@type\":\"SearchAction\",\"target\":{\"@type\":\"EntryPoint\",\"urlTemplate\":\"https:\\\/\\\/comlmkidsandfamily.fr\\\/?s={search_term_string}\"},\"query-input\":{\"@type\":\"PropertyValueSpecification\",\"valueRequired\":true,\"valueName\":\"search_term_string\"}}],\"inLanguage\":\"fr-FR\"},{\"@type\":\"Organization\",\"@id\":\"https:\\\/\\\/comlmkidsandfamily.fr\\\/#organization\",\"name\":\"COM LM KIDS AND FAMILY\",\"url\":\"https:\\\/\\\/comlmkidsandfamily.fr\\\/\",\"logo\":{\"@type\":\"ImageObject\",\"inLanguage\":\"fr-FR\",\"@id\":\"https:\\\/\\\/comlmkidsandfamily.fr\\\/#\\\/schema\\\/logo\\\/image\\\/\",\"url\":\"https:\\\/\\\/comlmkidsandfamily.fr\\\/wp-content\\\/uploads\\\/2017\\\/06\\\/Sans-titre-4-1.png\",\"contentUrl\":\"https:\\\/\\\/comlmkidsandfamily.fr\\\/wp-content\\\/uploads\\\/2017\\\/06\\\/Sans-titre-4-1.png\",\"width\":732,\"height\":860,\"caption\":\"COM LM KIDS AND FAMILY\"},\"image\":{\"@id\":\"https:\\\/\\\/comlmkidsandfamily.fr\\\/#\\\/schema\\\/logo\\\/image\\\/\"}}]}<\/script>\n<!-- \/ Yoast SEO plugin. -->","yoast_head_json":{"title":"Contact -","description":"Remplissez le formulaire en ligne et nous vous r\u00e9pondrons dans les plus bref d\u00e9lais. Nous avons h\u00e2te de partager notre exp\u00e9rience.","robots":{"index":"index","follow":"follow","max-snippet":"max-snippet:-1","max-image-preview":"max-image-preview:large","max-video-preview":"max-video-preview:-1"},"canonical":"https:\/\/comlmkidsandfamily.fr\/index.php\/contact\/","og_locale":"fr_FR","og_type":"article","og_title":"Contact -","og_description":"Remplissez le formulaire en ligne et nous vous r\u00e9pondrons dans les plus bref d\u00e9lais. Nous avons h\u00e2te de partager notre exp\u00e9rience.","og_url":"https:\/\/comlmkidsandfamily.fr\/index.php\/contact\/","article_modified_time":"2026-02-06T08:36:34+00:00","og_image":[{"width":383,"height":511,"url":"https:\/\/comlmkidsandfamily.fr\/wp-content\/uploads\/2017\/02\/lorenzo.jpg","type":"image\/jpeg"}],"twitter_card":"summary_large_image","twitter_misc":{"Dur\u00e9e de lecture estim\u00e9e":"1 minute"},"schema":{"@context":"https:\/\/schema.org","@graph":[{"@type":"WebPage","@id":"https:\/\/comlmkidsandfamily.fr\/index.php\/contact\/","url":"https:\/\/comlmkidsandfamily.fr\/index.php\/contact\/","name":"Contact -","isPartOf":{"@id":"https:\/\/comlmkidsandfamily.fr\/#website"},"primaryImageOfPage":{"@id":"https:\/\/comlmkidsandfamily.fr\/index.php\/contact\/#primaryimage"},"image":{"@id":"https:\/\/comlmkidsandfamily.fr\/index.php\/contact\/#primaryimage"},"thumbnailUrl":"https:\/\/comlmkidsandfamily.fr\/wp-content\/uploads\/2017\/02\/lorenzo.jpg","datePublished":"2015-11-17T12:04:15+00:00","dateModified":"2026-02-06T08:36:34+00:00","description":"Remplissez le formulaire en ligne et nous vous r\u00e9pondrons dans les plus bref d\u00e9lais. Nous avons h\u00e2te de partager notre exp\u00e9rience.","breadcrumb":{"@id":"https:\/\/comlmkidsandfamily.fr\/index.php\/contact\/#breadcrumb"},"inLanguage":"fr-FR","potentialAction":[{"@type":"ReadAction","target":["https:\/\/comlmkidsandfamily.fr\/index.php\/contact\/"]}]},{"@type":"ImageObject","inLanguage":"fr-FR","@id":"https:\/\/comlmkidsandfamily.fr\/index.php\/contact\/#primaryimage","url":"https:\/\/comlmkidsandfamily.fr\/wp-content\/uploads\/2017\/02\/lorenzo.jpg","contentUrl":"https:\/\/comlmkidsandfamily.fr\/wp-content\/uploads\/2017\/02\/lorenzo.jpg","width":383,"height":511},{"@type":"BreadcrumbList","@id":"https:\/\/comlmkidsandfamily.fr\/index.php\/contact\/#breadcrumb","itemListElement":[{"@type":"ListItem","position":1,"name":"Accueil","item":"https:\/\/comlmkidsandfamily.fr\/"},{"@type":"ListItem","position":2,"name":"Contact"}]},{"@type":"WebSite","@id":"https:\/\/comlmkidsandfamily.fr\/#website","url":"https:\/\/comlmkidsandfamily.fr\/","name":"COM LM KIDS AND FAMILY","description":"Cr\u00e9ateur d&#039;exp\u00e9rience &amp; de lien","publisher":{"@id":"https:\/\/comlmkidsandfamily.fr\/#organization"},"potentialAction":[{"@type":"SearchAction","target":{"@type":"EntryPoint","urlTemplate":"https:\/\/comlmkidsandfamily.fr\/?s={search_term_string}"},"query-input":{"@type":"PropertyValueSpecification","valueRequired":true,"valueName":"search_term_string"}}],"inLanguage":"fr-FR"},{"@type":"Organization","@id":"https:\/\/comlmkidsandfamily.fr\/#organization","name":"COM LM KIDS AND FAMILY","url":"https:\/\/comlmkidsandfamily.fr\/","logo":{"@type":"ImageObject","inLanguage":"fr-FR","@id":"https:\/\/comlmkidsandfamily.fr\/#\/schema\/logo\/image\/","url":"https:\/\/comlmkidsandfamily.fr\/wp-content\/uploads\/2017\/06\/Sans-titre-4-1.png","contentUrl":"https:\/\/comlmkidsandfamily.fr\/wp-content\/uploads\/2017\/06\/Sans-titre-4-1.png","width":732,"height":860,"caption":"COM LM KIDS AND FAMILY"},"image":{"@id":"https:\/\/comlmkidsandfamily.fr\/#\/schema\/logo\/image\/"}}]}},"_links":{"self":[{"href":"https:\/\/comlmkidsandfamily.fr\/index.php\/wp-json\/wp\/v2\/pages\/462","targetHints":{"allow":["GET"]}}],"collection":[{"href":"https:\/\/comlmkidsandfamily.fr\/index.php\/wp-json\/wp\/v2\/pages"}],"about":[{"href":"https:\/\/comlmkidsandfamily.fr\/index.php\/wp-json\/wp\/v2\/types\/page"}],"author":[{"embeddable":true,"href":"https:\/\/comlmkidsandfamily.fr\/index.php\/wp-json\/wp\/v2\/users\/1"}],"replies":[{"embeddable":true,"href":"https:\/\/comlmkidsandfamily.fr\/index.php\/wp-json\/wp\/v2\/comments?post=462"}],"version-history":[{"count":0,"href":"https:\/\/comlmkidsandfamily.fr\/index.php\/wp-json\/wp\/v2\/pages\/462\/revisions"}],"wp:attachment":[{"href":"https:\/\/comlmkidsandfamily.fr\/index.php\/wp-json\/wp\/v2\/media?parent=462"}],"curies":[{"name":"wp","href":"https:\/\/api.w.org\/{rel}","templated":true}]}}