{"id":73,"date":"2015-11-17T08:16:40","date_gmt":"2015-11-17T08:16:40","guid":{"rendered":"http:\/\/demo.massivedynamic.co\/interior-design\/?page_id=73"},"modified":"2020-12-10T16:38:25","modified_gmt":"2020-12-10T15:38:25","slug":"valeurs","status":"publish","type":"page","link":"https:\/\/comlmkidsandfamily.fr\/index.php\/valeurs\/","title":{"rendered":"Valeurs"},"content":{"rendered":"\t\t<div data-elementor-type=\"wp-page\" data-elementor-id=\"73\" class=\"elementor elementor-73\">\n\t\t\t\t\t\t<section class=\"elementor-section elementor-top-section elementor-element elementor-element-3495cb3 elementor-section-full_width elementor-section-height-default elementor-section-height-default\" data-id=\"3495cb3\" data-element_type=\"section\" data-e-type=\"section\" data-settings=\"{&quot;shape_divider_bottom&quot;:&quot;mountains&quot;}\">\n\t\t\t\t\t<div class=\"elementor-shape elementor-shape-bottom\" aria-hidden=\"true\" data-negative=\"false\">\n\t\t\t<svg xmlns=\"http:\/\/www.w3.org\/2000\/svg\" viewBox=\"0 0 1000 100\" preserveAspectRatio=\"none\">\n\t<path class=\"elementor-shape-fill\" opacity=\"0.33\" d=\"M473,67.3c-203.9,88.3-263.1-34-320.3,0C66,119.1,0,59.7,0,59.7V0h1000v59.7 c0,0-62.1,26.1-94.9,29.3c-32.8,3.3-62.8-12.3-75.8-22.1C806,49.6,745.3,8.7,694.9,4.7S492.4,59,473,67.3z\"\/>\n\t<path class=\"elementor-shape-fill\" opacity=\"0.66\" d=\"M734,67.3c-45.5,0-77.2-23.2-129.1-39.1c-28.6-8.7-150.3-10.1-254,39.1 s-91.7-34.4-149.2,0C115.7,118.3,0,39.8,0,39.8V0h1000v36.5c0,0-28.2-18.5-92.1-18.5C810.2,18.1,775.7,67.3,734,67.3z\"\/>\n\t<path class=\"elementor-shape-fill\" d=\"M766.1,28.9c-200-57.5-266,65.5-395.1,19.5C242,1.8,242,5.4,184.8,20.6C128,35.8,132.3,44.9,89.9,52.5C28.6,63.7,0,0,0,0 h1000c0,0-9.9,40.9-83.6,48.1S829.6,47,766.1,28.9z\"\/>\n<\/svg>\t\t<\/div>\n\t\t\t\t\t<div class=\"elementor-container elementor-column-gap-default\">\n\t\t\t\t\t<div class=\"elementor-column elementor-col-100 elementor-top-column elementor-element elementor-element-b2a1190\" data-id=\"b2a1190\" data-element_type=\"column\" data-e-type=\"column\" data-settings=\"{&quot;background_background&quot;:&quot;classic&quot;}\">\n\t\t\t<div class=\"elementor-widget-wrap elementor-element-populated\">\n\t\t\t\t\t\t<div class=\"elementor-element elementor-element-aa04aae elementor-widget elementor-widget-heading\" data-id=\"aa04aae\" data-element_type=\"widget\" data-e-type=\"widget\" data-widget_type=\"heading.default\">\n\t\t\t\t<div class=\"elementor-widget-container\">\n\t\t\t\t\t<h2 class=\"elementor-heading-title elementor-size-default\">Nos Valeurs<\/h2>\t\t\t\t<\/div>\n\t\t\t\t<\/div>\n\t\t\t\t\t<\/div>\n\t\t<\/div>\n\t\t\t\t\t<\/div>\n\t\t<\/section>\n\t\t\t\t<section class=\"elementor-section elementor-top-section elementor-element elementor-element-74074bc elementor-section-boxed elementor-section-height-default elementor-section-height-default\" data-id=\"74074bc\" data-element_type=\"section\" data-e-type=\"section\">\n\t\t\t\t\t\t<div class=\"elementor-container elementor-column-gap-default\">\n\t\t\t\t\t<div class=\"elementor-column elementor-col-100 elementor-top-column elementor-element elementor-element-c77eeee\" data-id=\"c77eeee\" data-element_type=\"column\" data-e-type=\"column\">\n\t\t\t<div class=\"elementor-widget-wrap elementor-element-populated\">\n\t\t\t\t\t\t<div class=\"elementor-element elementor-element-57e01fc elementor-widget elementor-widget-image\" data-id=\"57e01fc\" data-element_type=\"widget\" data-e-type=\"widget\" data-widget_type=\"image.default\">\n\t\t\t\t<div class=\"elementor-widget-container\">\n\t\t\t\t\t\t\t\t\t\t\t\t\t\t\t<img fetchpriority=\"high\" decoding=\"async\" width=\"1206\" height=\"451\" src=\"https:\/\/comlmkidsandfamily.fr\/wp-content\/uploads\/2018\/02\/Nuage-_famille_-en-positif.jpg\" class=\"attachment-full size-full wp-image-1414\" alt=\"\" srcset=\"https:\/\/comlmkidsandfamily.fr\/wp-content\/uploads\/2018\/02\/Nuage-_famille_-en-positif.jpg 1206w, https:\/\/comlmkidsandfamily.fr\/wp-content\/uploads\/2018\/02\/Nuage-_famille_-en-positif-300x112.jpg 300w, https:\/\/comlmkidsandfamily.fr\/wp-content\/uploads\/2018\/02\/Nuage-_famille_-en-positif-768x287.jpg 768w, https:\/\/comlmkidsandfamily.fr\/wp-content\/uploads\/2018\/02\/Nuage-_famille_-en-positif-1024x383.jpg 1024w, https:\/\/comlmkidsandfamily.fr\/wp-content\/uploads\/2018\/02\/Nuage-_famille_-en-positif-1180x441.jpg 1180w\" sizes=\"(max-width: 1206px) 100vw, 1206px\" \/>\t\t\t\t\t\t\t\t\t\t\t\t\t\t\t<\/div>\n\t\t\t\t<\/div>\n\t\t\t\t\t<\/div>\n\t\t<\/div>\n\t\t\t\t\t<\/div>\n\t\t<\/section>\n\t\t\t\t<section class=\"elementor-section elementor-top-section elementor-element elementor-element-fb0fa3a elementor-section-full_width elementor-section-height-default elementor-section-height-default elementor-invisible\" data-id=\"fb0fa3a\" data-element_type=\"section\" data-e-type=\"section\" data-settings=\"{&quot;animation&quot;:&quot;fadeInUp&quot;}\">\n\t\t\t\t\t\t<div class=\"elementor-container elementor-column-gap-default\">\n\t\t\t\t\t<div class=\"elementor-column elementor-col-100 elementor-top-column elementor-element elementor-element-2cf3dfe\" data-id=\"2cf3dfe\" data-element_type=\"column\" data-e-type=\"column\" data-settings=\"{&quot;background_background&quot;:&quot;gradient&quot;}\">\n\t\t\t<div class=\"elementor-widget-wrap elementor-element-populated\">\n\t\t\t\t\t\t<div class=\"elementor-element elementor-element-5a3f872 elementor-widget elementor-widget-heading\" data-id=\"5a3f872\" data-element_type=\"widget\" data-e-type=\"widget\" data-settings=\"{&quot;_animation&quot;:&quot;none&quot;}\" data-widget_type=\"heading.default\">\n\t\t\t\t<div class=\"elementor-widget-container\">\n\t\t\t\t\t<h2 class=\"elementor-heading-title elementor-size-default\">Notre conviction<\/h2>\t\t\t\t<\/div>\n\t\t\t\t<\/div>\n\t\t\t\t<div class=\"elementor-element elementor-element-7130c25 elementor-widget elementor-widget-heading\" data-id=\"7130c25\" data-element_type=\"widget\" data-e-type=\"widget\" data-widget_type=\"heading.default\">\n\t\t\t\t<div class=\"elementor-widget-container\">\n\t\t\t\t\t<p class=\"elementor-heading-title elementor-size-default\">Mettre l'humain au centre de la relation !<\/p>\t\t\t\t<\/div>\n\t\t\t\t<\/div>\n\t\t\t\t\t<\/div>\n\t\t<\/div>\n\t\t\t\t\t<\/div>\n\t\t<\/section>\n\t\t\t\t<\/div>\n\t\t","protected":false},"excerpt":{"rendered":"<p>Nos Valeurs Notre conviction Mettre l&rsquo;humain au centre de la relation !<\/p>\n","protected":false},"author":1,"featured_media":0,"parent":0,"menu_order":0,"comment_status":"closed","ping_status":"closed","template":"","meta":{"content-type":"","footnotes":""},"class_list":["post-73","page","type-page","status-publish","hentry"],"yoast_head":"<!-- This site is optimized with the Yoast SEO plugin v27.6 - https:\/\/yoast.com\/product\/yoast-seo-wordpress\/ -->\n<title>Nos valeurs : partage, entraide, amour, solidarit\u00e9, \u00e9changes, confiance, respect, convivialit\u00e9, complicit\u00e9, soutien, parents, enfants, ensemble, rire, bonheur, tendresse, \u00e9ducation,<\/title>\n<meta name=\"description\" content=\"Notre conviction METTRE L&#039;HUMAIN AU CENTRE DE LA RELATION ! Animer, faire vivre une exp\u00e9rience, cr\u00e9er du lien et de la proximit\u00e9\" \/>\n<meta name=\"robots\" content=\"index, follow, max-snippet:-1, max-image-preview:large, max-video-preview:-1\" \/>\n<link rel=\"canonical\" href=\"https:\/\/comlmkidsandfamily.fr\/index.php\/valeurs\/\" \/>\n<meta property=\"og:locale\" content=\"fr_FR\" \/>\n<meta property=\"og:type\" content=\"article\" \/>\n<meta property=\"og:title\" content=\"Nos valeurs : partage, entraide, amour, solidarit\u00e9, \u00e9changes, confiance, respect, convivialit\u00e9, complicit\u00e9, soutien, parents, enfants, ensemble, rire, bonheur, tendresse, \u00e9ducation,\" \/>\n<meta property=\"og:description\" content=\"Notre conviction METTRE L&#039;HUMAIN AU CENTRE DE LA RELATION ! Animer, faire vivre une exp\u00e9rience, cr\u00e9er du lien et de la proximit\u00e9\" \/>\n<meta property=\"og:url\" content=\"https:\/\/comlmkidsandfamily.fr\/index.php\/valeurs\/\" \/>\n<meta property=\"article:modified_time\" content=\"2020-12-10T15:38:25+00:00\" \/>\n<meta property=\"og:image\" content=\"https:\/\/comlmkidsandfamily.fr\/wp-content\/uploads\/2018\/02\/Nuage-_famille_-en-positif.jpg\" \/>\n<meta name=\"twitter:card\" content=\"summary_large_image\" \/>\n<script type=\"application\/ld+json\" class=\"yoast-schema-graph\">{\"@context\":\"https:\\\/\\\/schema.org\",\"@graph\":[{\"@type\":\"WebPage\",\"@id\":\"https:\\\/\\\/comlmkidsandfamily.fr\\\/index.php\\\/valeurs\\\/\",\"url\":\"https:\\\/\\\/comlmkidsandfamily.fr\\\/index.php\\\/valeurs\\\/\",\"name\":\"Nos valeurs : partage, entraide, amour, solidarit\u00e9, \u00e9changes, confiance, respect, convivialit\u00e9, complicit\u00e9, soutien, parents, enfants, ensemble, rire, bonheur, tendresse, \u00e9ducation,\",\"isPartOf\":{\"@id\":\"https:\\\/\\\/comlmkidsandfamily.fr\\\/#website\"},\"primaryImageOfPage\":{\"@id\":\"https:\\\/\\\/comlmkidsandfamily.fr\\\/index.php\\\/valeurs\\\/#primaryimage\"},\"image\":{\"@id\":\"https:\\\/\\\/comlmkidsandfamily.fr\\\/index.php\\\/valeurs\\\/#primaryimage\"},\"thumbnailUrl\":\"https:\\\/\\\/comlmkidsandfamily.fr\\\/wp-content\\\/uploads\\\/2018\\\/02\\\/Nuage-_famille_-en-positif.jpg\",\"datePublished\":\"2015-11-17T08:16:40+00:00\",\"dateModified\":\"2020-12-10T15:38:25+00:00\",\"description\":\"Notre conviction METTRE L'HUMAIN AU CENTRE DE LA RELATION ! Animer, faire vivre une exp\u00e9rience, cr\u00e9er du lien et de la proximit\u00e9\",\"breadcrumb\":{\"@id\":\"https:\\\/\\\/comlmkidsandfamily.fr\\\/index.php\\\/valeurs\\\/#breadcrumb\"},\"inLanguage\":\"fr-FR\",\"potentialAction\":[{\"@type\":\"ReadAction\",\"target\":[\"https:\\\/\\\/comlmkidsandfamily.fr\\\/index.php\\\/valeurs\\\/\"]}]},{\"@type\":\"ImageObject\",\"inLanguage\":\"fr-FR\",\"@id\":\"https:\\\/\\\/comlmkidsandfamily.fr\\\/index.php\\\/valeurs\\\/#primaryimage\",\"url\":\"https:\\\/\\\/comlmkidsandfamily.fr\\\/wp-content\\\/uploads\\\/2018\\\/02\\\/Nuage-_famille_-en-positif.jpg\",\"contentUrl\":\"https:\\\/\\\/comlmkidsandfamily.fr\\\/wp-content\\\/uploads\\\/2018\\\/02\\\/Nuage-_famille_-en-positif.jpg\",\"width\":1206,\"height\":451},{\"@type\":\"BreadcrumbList\",\"@id\":\"https:\\\/\\\/comlmkidsandfamily.fr\\\/index.php\\\/valeurs\\\/#breadcrumb\",\"itemListElement\":[{\"@type\":\"ListItem\",\"position\":1,\"name\":\"Accueil\",\"item\":\"https:\\\/\\\/comlmkidsandfamily.fr\\\/\"},{\"@type\":\"ListItem\",\"position\":2,\"name\":\"Valeurs\"}]},{\"@type\":\"WebSite\",\"@id\":\"https:\\\/\\\/comlmkidsandfamily.fr\\\/#website\",\"url\":\"https:\\\/\\\/comlmkidsandfamily.fr\\\/\",\"name\":\"COM LM KIDS AND FAMILY\",\"description\":\"Cr\u00e9ateur d&#039;exp\u00e9rience &amp; de lien\",\"publisher\":{\"@id\":\"https:\\\/\\\/comlmkidsandfamily.fr\\\/#organization\"},\"potentialAction\":[{\"@type\":\"SearchAction\",\"target\":{\"@type\":\"EntryPoint\",\"urlTemplate\":\"https:\\\/\\\/comlmkidsandfamily.fr\\\/?s={search_term_string}\"},\"query-input\":{\"@type\":\"PropertyValueSpecification\",\"valueRequired\":true,\"valueName\":\"search_term_string\"}}],\"inLanguage\":\"fr-FR\"},{\"@type\":\"Organization\",\"@id\":\"https:\\\/\\\/comlmkidsandfamily.fr\\\/#organization\",\"name\":\"COM LM KIDS AND FAMILY\",\"url\":\"https:\\\/\\\/comlmkidsandfamily.fr\\\/\",\"logo\":{\"@type\":\"ImageObject\",\"inLanguage\":\"fr-FR\",\"@id\":\"https:\\\/\\\/comlmkidsandfamily.fr\\\/#\\\/schema\\\/logo\\\/image\\\/\",\"url\":\"https:\\\/\\\/comlmkidsandfamily.fr\\\/wp-content\\\/uploads\\\/2017\\\/06\\\/Sans-titre-4-1.png\",\"contentUrl\":\"https:\\\/\\\/comlmkidsandfamily.fr\\\/wp-content\\\/uploads\\\/2017\\\/06\\\/Sans-titre-4-1.png\",\"width\":732,\"height\":860,\"caption\":\"COM LM KIDS AND FAMILY\"},\"image\":{\"@id\":\"https:\\\/\\\/comlmkidsandfamily.fr\\\/#\\\/schema\\\/logo\\\/image\\\/\"}}]}<\/script>\n<!-- \/ Yoast SEO plugin. -->","yoast_head_json":{"title":"Nos valeurs : partage, entraide, amour, solidarit\u00e9, \u00e9changes, confiance, respect, convivialit\u00e9, complicit\u00e9, soutien, parents, enfants, ensemble, rire, bonheur, tendresse, \u00e9ducation,","description":"Notre conviction METTRE L'HUMAIN AU CENTRE DE LA RELATION ! Animer, faire vivre une exp\u00e9rience, cr\u00e9er du lien et de la proximit\u00e9","robots":{"index":"index","follow":"follow","max-snippet":"max-snippet:-1","max-image-preview":"max-image-preview:large","max-video-preview":"max-video-preview:-1"},"canonical":"https:\/\/comlmkidsandfamily.fr\/index.php\/valeurs\/","og_locale":"fr_FR","og_type":"article","og_title":"Nos valeurs : partage, entraide, amour, solidarit\u00e9, \u00e9changes, confiance, respect, convivialit\u00e9, complicit\u00e9, soutien, parents, enfants, ensemble, rire, bonheur, tendresse, \u00e9ducation,","og_description":"Notre conviction METTRE L'HUMAIN AU CENTRE DE LA RELATION ! Animer, faire vivre une exp\u00e9rience, cr\u00e9er du lien et de la proximit\u00e9","og_url":"https:\/\/comlmkidsandfamily.fr\/index.php\/valeurs\/","article_modified_time":"2020-12-10T15:38:25+00:00","og_image":[{"url":"https:\/\/comlmkidsandfamily.fr\/wp-content\/uploads\/2018\/02\/Nuage-_famille_-en-positif.jpg","type":"","width":"","height":""}],"twitter_card":"summary_large_image","schema":{"@context":"https:\/\/schema.org","@graph":[{"@type":"WebPage","@id":"https:\/\/comlmkidsandfamily.fr\/index.php\/valeurs\/","url":"https:\/\/comlmkidsandfamily.fr\/index.php\/valeurs\/","name":"Nos valeurs : partage, entraide, amour, solidarit\u00e9, \u00e9changes, confiance, respect, convivialit\u00e9, complicit\u00e9, soutien, parents, enfants, ensemble, rire, bonheur, tendresse, \u00e9ducation,","isPartOf":{"@id":"https:\/\/comlmkidsandfamily.fr\/#website"},"primaryImageOfPage":{"@id":"https:\/\/comlmkidsandfamily.fr\/index.php\/valeurs\/#primaryimage"},"image":{"@id":"https:\/\/comlmkidsandfamily.fr\/index.php\/valeurs\/#primaryimage"},"thumbnailUrl":"https:\/\/comlmkidsandfamily.fr\/wp-content\/uploads\/2018\/02\/Nuage-_famille_-en-positif.jpg","datePublished":"2015-11-17T08:16:40+00:00","dateModified":"2020-12-10T15:38:25+00:00","description":"Notre conviction METTRE L'HUMAIN AU CENTRE DE LA RELATION ! Animer, faire vivre une exp\u00e9rience, cr\u00e9er du lien et de la proximit\u00e9","breadcrumb":{"@id":"https:\/\/comlmkidsandfamily.fr\/index.php\/valeurs\/#breadcrumb"},"inLanguage":"fr-FR","potentialAction":[{"@type":"ReadAction","target":["https:\/\/comlmkidsandfamily.fr\/index.php\/valeurs\/"]}]},{"@type":"ImageObject","inLanguage":"fr-FR","@id":"https:\/\/comlmkidsandfamily.fr\/index.php\/valeurs\/#primaryimage","url":"https:\/\/comlmkidsandfamily.fr\/wp-content\/uploads\/2018\/02\/Nuage-_famille_-en-positif.jpg","contentUrl":"https:\/\/comlmkidsandfamily.fr\/wp-content\/uploads\/2018\/02\/Nuage-_famille_-en-positif.jpg","width":1206,"height":451},{"@type":"BreadcrumbList","@id":"https:\/\/comlmkidsandfamily.fr\/index.php\/valeurs\/#breadcrumb","itemListElement":[{"@type":"ListItem","position":1,"name":"Accueil","item":"https:\/\/comlmkidsandfamily.fr\/"},{"@type":"ListItem","position":2,"name":"Valeurs"}]},{"@type":"WebSite","@id":"https:\/\/comlmkidsandfamily.fr\/#website","url":"https:\/\/comlmkidsandfamily.fr\/","name":"COM LM KIDS AND FAMILY","description":"Cr\u00e9ateur d&#039;exp\u00e9rience &amp; de lien","publisher":{"@id":"https:\/\/comlmkidsandfamily.fr\/#organization"},"potentialAction":[{"@type":"SearchAction","target":{"@type":"EntryPoint","urlTemplate":"https:\/\/comlmkidsandfamily.fr\/?s={search_term_string}"},"query-input":{"@type":"PropertyValueSpecification","valueRequired":true,"valueName":"search_term_string"}}],"inLanguage":"fr-FR"},{"@type":"Organization","@id":"https:\/\/comlmkidsandfamily.fr\/#organization","name":"COM LM KIDS AND FAMILY","url":"https:\/\/comlmkidsandfamily.fr\/","logo":{"@type":"ImageObject","inLanguage":"fr-FR","@id":"https:\/\/comlmkidsandfamily.fr\/#\/schema\/logo\/image\/","url":"https:\/\/comlmkidsandfamily.fr\/wp-content\/uploads\/2017\/06\/Sans-titre-4-1.png","contentUrl":"https:\/\/comlmkidsandfamily.fr\/wp-content\/uploads\/2017\/06\/Sans-titre-4-1.png","width":732,"height":860,"caption":"COM LM KIDS AND FAMILY"},"image":{"@id":"https:\/\/comlmkidsandfamily.fr\/#\/schema\/logo\/image\/"}}]}},"_links":{"self":[{"href":"https:\/\/comlmkidsandfamily.fr\/index.php\/wp-json\/wp\/v2\/pages\/73","targetHints":{"allow":["GET"]}}],"collection":[{"href":"https:\/\/comlmkidsandfamily.fr\/index.php\/wp-json\/wp\/v2\/pages"}],"about":[{"href":"https:\/\/comlmkidsandfamily.fr\/index.php\/wp-json\/wp\/v2\/types\/page"}],"author":[{"embeddable":true,"href":"https:\/\/comlmkidsandfamily.fr\/index.php\/wp-json\/wp\/v2\/users\/1"}],"replies":[{"embeddable":true,"href":"https:\/\/comlmkidsandfamily.fr\/index.php\/wp-json\/wp\/v2\/comments?post=73"}],"version-history":[{"count":0,"href":"https:\/\/comlmkidsandfamily.fr\/index.php\/wp-json\/wp\/v2\/pages\/73\/revisions"}],"wp:attachment":[{"href":"https:\/\/comlmkidsandfamily.fr\/index.php\/wp-json\/wp\/v2\/media?parent=73"}],"curies":[{"name":"wp","href":"https:\/\/api.w.org\/{rel}","templated":true}]}}